{"id":4937,"date":"2025-08-19T13:24:55","date_gmt":"2025-08-19T11:24:55","guid":{"rendered":"https:\/\/colcret.com\/proyectos\/promenade-du-coucher-du-soleil\/"},"modified":"2025-08-19T13:24:55","modified_gmt":"2025-08-19T11:24:55","slug":"promenade-du-coucher-du-soleil","status":"publish","type":"proyectos","link":"https:\/\/colcret.com\/fr\/proyectos\/promenade-du-coucher-du-soleil\/","title":{"rendered":"Promenade du coucher du soleil"},"excerpt":{"rendered":"<p>Colcret Flex a particip\u00e9 \u00e0 la construction de Sunset Drive, le nouveau projet r\u00e9sidentiel haut de gamme de la station baln\u00e9aire de Benidorm.<\/p>\n","protected":false},"featured_media":4938,"template":"","class_list":["post-4937","proyectos","type-proyectos","status-publish","has-post-thumbnail","hentry"],"yoast_head":"<!-- This site is optimized with the Yoast SEO plugin v27.4 - https:\/\/yoast.com\/product\/yoast-seo-wordpress\/ -->\n<title>Promenade du coucher du soleil - Colcret<\/title>\n<meta name=\"robots\" content=\"index, follow, max-snippet:-1, max-image-preview:large, max-video-preview:-1\" \/>\n<link rel=\"canonical\" href=\"https:\/\/colcret.com\/fr\/proyectos\/promenade-du-coucher-du-soleil\/\" \/>\n<meta property=\"og:locale\" content=\"fr_FR\" \/>\n<meta property=\"og:type\" content=\"article\" \/>\n<meta property=\"og:title\" content=\"Promenade du coucher du soleil - Colcret\" \/>\n<meta property=\"og:description\" content=\"Colcret Flex a particip\u00e9 \u00e0 la construction de Sunset Drive, le nouveau projet r\u00e9sidentiel haut de gamme de la station baln\u00e9aire de Benidorm.\" \/>\n<meta property=\"og:url\" content=\"https:\/\/colcret.com\/fr\/proyectos\/promenade-du-coucher-du-soleil\/\" \/>\n<meta property=\"og:site_name\" content=\"Colcret\" \/>\n<meta name=\"twitter:card\" content=\"summary_large_image\" \/>\n<script type=\"application\/ld+json\" class=\"yoast-schema-graph\">{\"@context\":\"https:\\\/\\\/schema.org\",\"@graph\":[{\"@type\":\"WebPage\",\"@id\":\"https:\\\/\\\/colcret.com\\\/fr\\\/proyectos\\\/promenade-du-coucher-du-soleil\\\/\",\"url\":\"https:\\\/\\\/colcret.com\\\/fr\\\/proyectos\\\/promenade-du-coucher-du-soleil\\\/\",\"name\":\"Promenade du coucher du soleil - Colcret\",\"isPartOf\":{\"@id\":\"https:\\\/\\\/colcret.com\\\/fr\\\/#website\"},\"primaryImageOfPage\":{\"@id\":\"https:\\\/\\\/colcret.com\\\/fr\\\/proyectos\\\/promenade-du-coucher-du-soleil\\\/#primaryimage\"},\"image\":{\"@id\":\"https:\\\/\\\/colcret.com\\\/fr\\\/proyectos\\\/promenade-du-coucher-du-soleil\\\/#primaryimage\"},\"thumbnailUrl\":\"https:\\\/\\\/colcret.com\\\/wp-content\\\/uploads\\\/2025\\\/08\\\/Sunset-Drive.avif\",\"datePublished\":\"2025-08-19T11:24:55+00:00\",\"breadcrumb\":{\"@id\":\"https:\\\/\\\/colcret.com\\\/fr\\\/proyectos\\\/promenade-du-coucher-du-soleil\\\/#breadcrumb\"},\"inLanguage\":\"fr-FR\",\"potentialAction\":[{\"@type\":\"ReadAction\",\"target\":[\"https:\\\/\\\/colcret.com\\\/fr\\\/proyectos\\\/promenade-du-coucher-du-soleil\\\/\"]}]},{\"@type\":\"ImageObject\",\"inLanguage\":\"fr-FR\",\"@id\":\"https:\\\/\\\/colcret.com\\\/fr\\\/proyectos\\\/promenade-du-coucher-du-soleil\\\/#primaryimage\",\"url\":\"https:\\\/\\\/colcret.com\\\/wp-content\\\/uploads\\\/2025\\\/08\\\/Sunset-Drive.avif\",\"contentUrl\":\"https:\\\/\\\/colcret.com\\\/wp-content\\\/uploads\\\/2025\\\/08\\\/Sunset-Drive.avif\",\"width\":800,\"height\":450},{\"@type\":\"WebSite\",\"@id\":\"https:\\\/\\\/colcret.com\\\/fr\\\/#website\",\"url\":\"https:\\\/\\\/colcret.com\\\/fr\\\/\",\"name\":\"Colcret\",\"description\":\"Morteros y adhesivos cementosos\",\"publisher\":{\"@id\":\"https:\\\/\\\/colcret.com\\\/fr\\\/#organization\"},\"potentialAction\":[{\"@type\":\"SearchAction\",\"target\":{\"@type\":\"EntryPoint\",\"urlTemplate\":\"https:\\\/\\\/colcret.com\\\/fr\\\/?s={search_term_string}\"},\"query-input\":{\"@type\":\"PropertyValueSpecification\",\"valueRequired\":true,\"valueName\":\"search_term_string\"}}],\"inLanguage\":\"fr-FR\"},{\"@type\":\"Organization\",\"@id\":\"https:\\\/\\\/colcret.com\\\/fr\\\/#organization\",\"name\":\"Colcret\",\"url\":\"https:\\\/\\\/colcret.com\\\/fr\\\/\",\"logo\":{\"@type\":\"ImageObject\",\"inLanguage\":\"fr-FR\",\"@id\":\"https:\\\/\\\/colcret.com\\\/fr\\\/#\\\/schema\\\/logo\\\/image\\\/\",\"url\":\"https:\\\/\\\/colcret.com\\\/wp-content\\\/uploads\\\/2025\\\/05\\\/Logo-Colcret.avif\",\"contentUrl\":\"https:\\\/\\\/colcret.com\\\/wp-content\\\/uploads\\\/2025\\\/05\\\/Logo-Colcret.avif\",\"width\":161,\"height\":64,\"caption\":\"Colcret\"},\"image\":{\"@id\":\"https:\\\/\\\/colcret.com\\\/fr\\\/#\\\/schema\\\/logo\\\/image\\\/\"}}]}<\/script>\n<!-- \/ Yoast SEO plugin. -->","yoast_head_json":{"title":"Promenade du coucher du soleil - Colcret","robots":{"index":"index","follow":"follow","max-snippet":"max-snippet:-1","max-image-preview":"max-image-preview:large","max-video-preview":"max-video-preview:-1"},"canonical":"https:\/\/colcret.com\/fr\/proyectos\/promenade-du-coucher-du-soleil\/","og_locale":"fr_FR","og_type":"article","og_title":"Promenade du coucher du soleil - Colcret","og_description":"Colcret Flex a particip\u00e9 \u00e0 la construction de Sunset Drive, le nouveau projet r\u00e9sidentiel haut de gamme de la station baln\u00e9aire de Benidorm.","og_url":"https:\/\/colcret.com\/fr\/proyectos\/promenade-du-coucher-du-soleil\/","og_site_name":"Colcret","twitter_card":"summary_large_image","schema":{"@context":"https:\/\/schema.org","@graph":[{"@type":"WebPage","@id":"https:\/\/colcret.com\/fr\/proyectos\/promenade-du-coucher-du-soleil\/","url":"https:\/\/colcret.com\/fr\/proyectos\/promenade-du-coucher-du-soleil\/","name":"Promenade du coucher du soleil - Colcret","isPartOf":{"@id":"https:\/\/colcret.com\/fr\/#website"},"primaryImageOfPage":{"@id":"https:\/\/colcret.com\/fr\/proyectos\/promenade-du-coucher-du-soleil\/#primaryimage"},"image":{"@id":"https:\/\/colcret.com\/fr\/proyectos\/promenade-du-coucher-du-soleil\/#primaryimage"},"thumbnailUrl":"https:\/\/colcret.com\/wp-content\/uploads\/2025\/08\/Sunset-Drive.avif","datePublished":"2025-08-19T11:24:55+00:00","breadcrumb":{"@id":"https:\/\/colcret.com\/fr\/proyectos\/promenade-du-coucher-du-soleil\/#breadcrumb"},"inLanguage":"fr-FR","potentialAction":[{"@type":"ReadAction","target":["https:\/\/colcret.com\/fr\/proyectos\/promenade-du-coucher-du-soleil\/"]}]},{"@type":"ImageObject","inLanguage":"fr-FR","@id":"https:\/\/colcret.com\/fr\/proyectos\/promenade-du-coucher-du-soleil\/#primaryimage","url":"https:\/\/colcret.com\/wp-content\/uploads\/2025\/08\/Sunset-Drive.avif","contentUrl":"https:\/\/colcret.com\/wp-content\/uploads\/2025\/08\/Sunset-Drive.avif","width":800,"height":450},{"@type":"WebSite","@id":"https:\/\/colcret.com\/fr\/#website","url":"https:\/\/colcret.com\/fr\/","name":"Colcret","description":"Morteros y adhesivos cementosos","publisher":{"@id":"https:\/\/colcret.com\/fr\/#organization"},"potentialAction":[{"@type":"SearchAction","target":{"@type":"EntryPoint","urlTemplate":"https:\/\/colcret.com\/fr\/?s={search_term_string}"},"query-input":{"@type":"PropertyValueSpecification","valueRequired":true,"valueName":"search_term_string"}}],"inLanguage":"fr-FR"},{"@type":"Organization","@id":"https:\/\/colcret.com\/fr\/#organization","name":"Colcret","url":"https:\/\/colcret.com\/fr\/","logo":{"@type":"ImageObject","inLanguage":"fr-FR","@id":"https:\/\/colcret.com\/fr\/#\/schema\/logo\/image\/","url":"https:\/\/colcret.com\/wp-content\/uploads\/2025\/05\/Logo-Colcret.avif","contentUrl":"https:\/\/colcret.com\/wp-content\/uploads\/2025\/05\/Logo-Colcret.avif","width":161,"height":64,"caption":"Colcret"},"image":{"@id":"https:\/\/colcret.com\/fr\/#\/schema\/logo\/image\/"}}]}},"_links":{"self":[{"href":"https:\/\/colcret.com\/fr\/wp-json\/wp\/v2\/proyectos\/4937","targetHints":{"allow":["GET"]}}],"collection":[{"href":"https:\/\/colcret.com\/fr\/wp-json\/wp\/v2\/proyectos"}],"about":[{"href":"https:\/\/colcret.com\/fr\/wp-json\/wp\/v2\/types\/proyectos"}],"wp:featuredmedia":[{"embeddable":true,"href":"https:\/\/colcret.com\/fr\/wp-json\/wp\/v2\/media\/4938"}],"wp:attachment":[{"href":"https:\/\/colcret.com\/fr\/wp-json\/wp\/v2\/media?parent=4937"}],"curies":[{"name":"wp","href":"https:\/\/api.w.org\/{rel}","templated":true}]}}

<p>Colcret Flex a participé à la construction de Sunset Drive, le nouveau projet résidentiel haut de gamme de la station balnéaire de Benidorm.</p>

<!-- This site is optimized with the Yoast SEO plugin v27.4 - https://yoast.com/product/yoast-seo-wordpress/ -->
<title>Promenade du coucher du soleil - Colcret</title>
<meta name="robots" content="index, follow, max-snippet:-1, max-image-preview:large, max-video-preview:-1" />
<link rel="canonical" href="https://colcret.com/fr/proyectos/promenade-du-coucher-du-soleil/" />
<meta property="og:locale" content="fr_FR" />
<meta property="og:type" content="article" />
<meta property="og:title" content="Promenade du coucher du soleil - Colcret" />
<meta property="og:description" content="Colcret Flex a participé à la construction de Sunset Drive, le nouveau projet résidentiel haut de gamme de la station balnéaire de Benidorm." />
<meta property="og:url" content="https://colcret.com/fr/proyectos/promenade-du-coucher-du-soleil/" />
<meta property="og:site_name" content="Colcret" />
<meta name="twitter:card" content="summary_large_image" />
<script type="application/ld+json" class="yoast-schema-graph">{"@context":"https:\/\/schema.org","@graph":[{"@type":"WebPage","@id":"https:\/\/colcret.com\/fr\/proyectos\/promenade-du-coucher-du-soleil\/","url":"https:\/\/colcret.com\/fr\/proyectos\/promenade-du-coucher-du-soleil\/","name":"Promenade du coucher du soleil - Colcret","isPartOf":{"@id":"https:\/\/colcret.com\/fr\/#website"},"primaryImageOfPage":{"@id":"https:\/\/colcret.com\/fr\/proyectos\/promenade-du-coucher-du-soleil\/#primaryimage"},"image":{"@id":"https:\/\/colcret.com\/fr\/proyectos\/promenade-du-coucher-du-soleil\/#primaryimage"},"thumbnailUrl":"https:\/\/colcret.com\/wp-content\/uploads\/2025\/08\/Sunset-Drive.avif","datePublished":"2025-08-19T11:24:55+00:00","breadcrumb":{"@id":"https:\/\/colcret.com\/fr\/proyectos\/promenade-du-coucher-du-soleil\/#breadcrumb"},"inLanguage":"fr-FR","potentialAction":[{"@type":"ReadAction","target":["https:\/\/colcret.com\/fr\/proyectos\/promenade-du-coucher-du-soleil\/"]}]},{"@type":"ImageObject","inLanguage":"fr-FR","@id":"https:\/\/colcret.com\/fr\/proyectos\/promenade-du-coucher-du-soleil\/#primaryimage","url":"https:\/\/colcret.com\/wp-content\/uploads\/2025\/08\/Sunset-Drive.avif","contentUrl":"https:\/\/colcret.com\/wp-content\/uploads\/2025\/08\/Sunset-Drive.avif","width":800,"height":450},{"@type":"WebSite","@id":"https:\/\/colcret.com\/fr\/#website","url":"https:\/\/colcret.com\/fr\/","name":"Colcret","description":"Morteros y adhesivos cementosos","publisher":{"@id":"https:\/\/colcret.com\/fr\/#organization"},"potentialAction":[{"@type":"SearchAction","target":{"@type":"EntryPoint","urlTemplate":"https:\/\/colcret.com\/fr\/?s={search_term_string}"},"query-input":{"@type":"PropertyValueSpecification","valueRequired":true,"valueName":"search_term_string"}}],"inLanguage":"fr-FR"},{"@type":"Organization","@id":"https:\/\/colcret.com\/fr\/#organization","name":"Colcret","url":"https:\/\/colcret.com\/fr\/","logo":{"@type":"ImageObject","inLanguage":"fr-FR","@id":"https:\/\/colcret.com\/fr\/#\/schema\/logo\/image\/","url":"https:\/\/colcret.com\/wp-content\/uploads\/2025\/05\/Logo-Colcret.avif","contentUrl":"https:\/\/colcret.com\/wp-content\/uploads\/2025\/05\/Logo-Colcret.avif","width":161,"height":64,"caption":"Colcret"},"image":{"@id":"https:\/\/colcret.com\/fr\/#\/schema\/logo\/image\/"}}]}</script>
<!-- / Yoast SEO plugin. -->

Colcret Flex a participé à la construction de Sunset Drive, le nouveau projet résidentiel haut de gamme de la station balnéaire de Benidorm.
